lculate m(r).
6
Let p = -28 - -32. Let y(o) = -p*o + 4 - 5 + o**2 + o. Suppose 3*g - 17 - 4 = 2*w, 2*g + 5 = -5*w. Give y(g).
9
Let t(l) = 12*l**2 - 8*l - 1. Let o(n) = -7*n**2 + 5*n. Let m(p) = 10*o(p) + 6*t(p). Give m(0).
-6
Let v(n) be the third derivative of 5*n**4/24 - 17*n**3/3 - 192*n**2. Determine v(8).
6
Suppose -3 - 12 = 5*y. Let q = 3 - y. Let d(s) = -6*s**2 - 8 + 7*s**2 + 1 - 4*s. Determine d(q).
5
Let s be 10/(-3)*48/(-80). Let k(d) = d + 4. Let y(o) = -o - 2. Let q(h) = s*k(h) + 5*y(h). Give q(2).
-8
Let x = -103 + 90. Let j(s) = -s**3 - 13*s**2 + s + 12. What is j(x)?
-1
Let o(j) = -6*j - 6. Let l(m) = -m**3 + 3*m**2 - 3*m - 2. Suppose 17*p = 10*p + 14. Let u be l(p). Give o(u).
18
Let d(j) = -j**3 + j**2. Let n(q) = q**3 - q**2 + q - 1. Let g(r) = 5*d(r) + 3*n(r). Let z(o) = -o**3 + 2*o**2 + 2*o - 2. Let u be z(2). What is g(u)?
-5
Let x be 5*5/60*(-4)/(-10). Let s(l) be the second derivative of 0 + 5*l - 1/4*l**4 + x*l**3 + l**2. Determine s(2).
-8
Let c(m) = m**2 - 3*m + 4. Let k = -7 + 10. Let v be c(k). Let f(q) be the third derivative of q**6/120 - q**5/15 - q**4/24 - q**3/2 + 11*q**2. Give f(v).
-7
Let u(c) = -2 + c**2 - 4*c - 2*c**2 + 0*c**2. Suppose 4*r - 32 = 2*n, -5*n - 8*r + 6*r - 20 = 0. Give u(n).
-14
Let o(w) = -5*w + 2*w + 1 - 2 - 2*w**3 - 31*w**2 + 0 + 29*w**2. Give o(-2).
13
Let p(j) = -17*j + 9. Let y(q) = -15*q + 8. Let v(b) = -6*p(b) + 7*y(b). Determine v(5).
-13
Let d(u) = -16*u**2 + 2*u**3 + 15 + u**3 - 2*u**3 + 20 - u - 30. Give d(16).
-11
Let f(a) = -a**3 + 3*a**2 + 3*a - 4. Suppose 2*p - 2*d = -4*d - 22, 4*p + 5*d + 39 = 0. Suppose 0 = 33*o - 29*o - 80. Let n = o + p. What is f(n)?
-8
Suppose 2*m = -4*m + 18. Let f(h) = -h**3 + 2*h**2 - h - 1. Give f(m).
-13
Let o(y) = -y**3 - 16*y**2 + 18*y + 19. Let m be o(-17). Let f(k) = k**3 - 2*k**2 + 4*k - 3. Let r be f(2). Let p(j) = r + j + j - 2 - m. Give p(2).
5
Let b(t) = 2636 + 2618 + 3*t - 5230. What is b(-11)?
-9
Let l(m) = 8*m + 58. Let s be l(-7). Let u(y) be the first derivative of y + y**3 - 2 - 1/4*y**4 - y**2. Calculate u(s).
1
Let z(u) = 2 + 0 - u + 2 + 9 - 4. Give z(11).
-2
Let n(r) = 58*r - 13*r - 2*r - 12*r. Let p be (-3)/(-5) + (-2)/(-5). Determine n(p).
31
Let w(n) be the second derivative of -1/20*n**5 + 1/2*n**2 - 1/6*n**4 + 1 + 1/6*n**3 - 2*n. Calculate w(2).
-13
Let z(c) = -c**3 + 7*c**2 - 5. Let q be (-6)/(-4)*(-11 + 9) + 17. Let k be q/(-3)*21/(-14). What is z(k)?
-5
Let p be (10/(-6))/(7/(-819)). Let l(u) = -195 + p - u. What is l(-5)?
5
Let w(m) = -4*m + 30. Let u be (3 + -2)*-7*(26 - 27). Calculate w(u).
2
Let t(p) = 47*p - 129*p + 7 + 42*p + 44*p. Determine t(-2).
-1
Let x(d) = d**3 - 9. Suppose -m + 0*m + 2 = 2*l, -5*m = -5*l - 10. Suppose 0 = -p + 2 - m. Give x(p).
-9
Suppose 6*x = 20 + 22. Let w(s) = -10*s - 8 + 30 - x - 13. Determine w(2).
-18
Let b(i) = i**2 - 3*i + 3. Let n be ((3 - 4) + 2)/((-2)/(-12)). Let h be -2 + 1/((-1)/1). Let v = n + h. What is b(v)?
3
Let w(l) = -1 - 2*l + 8*l**2 + 2*l + 11*l**2 - 23*l**2. Suppose 4*k = 3*b + 11, -3*k = -5*b - 2*k - 7. Determine w(b).
-5
Suppose -13*j + 72 = -22*j. Let c(s) = s + 10. What is c(j)?
2
Let u(l) be the second derivative of 0*l**2 + 2*l - 1/3*l**3 + 1/12*l**4 + 0 + 1/30*l**5 + 1/120*l**6. Let c(g) be the second derivative of u(g). What is c(-2)?
6
Suppose 0*l = -5*l - 30. Let w(a) be the first derivative of -a**3/3 - 5*a**2 - 9*a + 417. What is w(l)?
15
Suppose 87 = 4*o + z, -3 + 39 = o + 5*z. Let x(q) = q**3 - 22*q**2 + 20*q + 15. Give x(o).
-6
Let z(v) be the first derivative of -8 - 7*v + 1/3*v**3 + 3/2*v**2. Calculate z(-6).
11
Let m(f) = 0*f + 2*f - 11*f**2 + 12*f**2 - 3. Give m(-4).
5
Let c(l) = -3*l + 1. Let t be c(0). Let o(r) = 4*r + 9*r + 2*r - 6*r. What is o(t)?
9
Let u(i) = -36*i + 14*i + i**3 + i**2 - 5*i**2 + 2*i**2 - 3 + 19*i. What is u(3)?
-3
Let w(f) = f**2 - 5*f + 4. Let b = -17 - -35. Let k = -13 + b. What is w(k)?
4
Let a(u) = u**2 + 4*u. Let x be a(-5). Suppose -5*b + 23 - 8 = 0. Let v(n) = 3*n - n**b + 14*n**2 + n**2 - 10*n**2 - 4*n - 7. Calculate v(x).
-12
Let q(j) = j**2 + 8*j + 5. Suppose -3 - 5 = s. What is q(s)?
5
Let l(n) = -n - 5. Let v be l(-7). Let z(s) be the second derivative of 4*s**3/3 - s**2/2 + 114*s. What is z(v)?
15
Let z = 143 + -137. Let m be (-10)/3*4/16*z. Let w(j) = 2*j + 3. Determine w(m).
-7
Let f be (-6)/(-4 - 385/(-100)). Suppose 4*v + 11 = 3. Let z be (64/f)/(v/5). Let i(q) = q**2 + 3*q + 3. What is i(z)?
7
Let d(n) = n**2 - n + 6. Suppose 0 = 2*w + j + 6 + 2, 4 = j. What is d(w)?
48
Let z(h) = 4*h + 27. Suppose 39*w + 28 = 35*w. Give z(w).
-1
Let g(y) = y**3 - 5*y**2 - 8*y + 1. Let o = 96 - 36. Suppose -o = 5*t - 225. Let l = t + -27. Calculate g(l).
-11
Let f(z) = -3*z**2 - 7*z - 4. Let h(n) = -2*n**2 - 4*n - 2. Let b(x) = 3*f(x) - 5*h(x). Calculate b(0).
-2
Let k(g) = 7*g**3 - 4*g**2 - 6*g + 8. Let s(o) = -31*o**3 + 15*o**2 + 24*o - 31. Let i(q) = -9*k(q) - 2*s(q). Calculate i(7).
-17
Let v be (2 - 1)/(11 - 12). Let s be 72/18 - (0 + v). Let z(a) = -5 + a**3 - 5*a**2 + 2 + 4. Determine z(s).
1
Let y(z) = -z**2 + 3*z - 2. Let t be (-1)/(-13) - 8/104. What is y(t)?
-2
Let n(u) be the third derivative of u**6/120 + u**5/15 + u**3/2 + 5*u**2 + 1. Suppose -9 = 5*o - 24. Let v = 0 - o. Calculate n(v).
12
Suppose 0 = v + 17 - 20. Let l(k) = -8*k + 31. Let t be l(v). Let j(y) = y + 6. Give j(t).
13
Let k(n) be the second derivative of n**4/8 + n**3/2 + 7*n**2 - 24*n. Let u(h) be the first derivative of k(h). What is u(-5)?
-12
Let f(u) be the first derivative of -u**3/3 + 7*u**2/2 + 7*u + 146. Determine f(7).
7
Let t(f) = -52*f**3 - 20*f**2 - 43*f - 13. Let g(w) = -17*w**3 - 6*w**2 - 13*w - 4. Let n(r) = 10*g(r) - 3*t(r). Calculate n(-1).
14
Let v(g) = 5*g - 2. Let y be (31 + -34)/(3/1). Determine v(y).
-7
Let d(s) = s**2 - 5*s + 1. Let l(c) = -c + 32. Let z be l(30). Suppose -4*f - 2*k + 10 = 0, f + 5 = -z*f - 4*k. What is d(f)?
1
Let m(g) = 10*g - 6. Let d(o) = -5*o + 3. Let a(n) = 5*d(n) + 3*m(n). Determine a(5).
22
Let a(j) be the first derivative of j**4/4 - 10*j**3/3 + 11*j**2/2 - 7*j - 49. Calculate a(9).
11
Suppose a + 13 = -u - 0*a, -37 = -u + 9*a. Let f(r) = 3*r**2 - 6*r - 13. Let l(n) = -2*n**2 + 7*n + 12. Let k(w) = -3*f(w) - 4*l(w). Calculate k(u).
7
Let o(a) = a**2 + 7*a - 2. Let y(p) = 5*p**2 + 28*p - 8. Let b(t) = 9*o(t) - 2*y(t). Suppose -7 + 2 = c. Let s(m) = -m**2 - 6*m + 1. Let l be s(c). Give b(l).
4
Suppose 0 = 5*s + 1 - 1. Let c(t) = -t + 11. Calculate c(s).
11
Let u(i) = -i. Let x be u(6). Let p(b) be the third derivative of -5*b**2 - 1/60*b**5 + 7/6*b**3 + 0 + 0*b - 5/24*b**4. Determine p(x).
1
Let h(b) = -b**3 - 9*b**2 - 10*b - 12. Let a be h(-8). Let c = 4 - 2. Let d(u) = a - u**2 - 5 + 4 - c. What is d(0)?
1
Let y(m) = -9*m**2 - m. Suppose 0 = i - 5*b + 26, -5*i = -6*b + 7*b. Determine y(i).
-8
Suppose -5*t + 2*t = -9. Suppose 0 = 6*d - t*d - 3. Let g(z) = 11*z**2 - 2*z + 1. What is g(d)?
10
Let h(i) = 1 - 4 + 3 + i. Let p(z) = 6*z + 1. Let d(l) = -4*h(l) + p(l). Give d(-5).
-9
Let y(v) = -3*v. Let h be y(-9). Let k = h - 33. Let s(t) = -t + 18. Let z(o) = -2*o + 27. Let m(w) = 8*s(w) - 5*z(w). Determine m(k).
-3
Let y(b) = b**3 - b**2 - b - 2. Let q be y(2). Let j(o) = -3164*o**3 + 4*o**2 + 1580*o**3 + 3 - 1 - 5*o**2 + 1583*o**3. What is j(q)?
2
Let i(q) = -7*q - 2*q + 5*q + q + 4*q - 3 + q**2. Suppose 2*a - 8 = -2*s, 0*a - 3*s = a - 6. Calculate i(a).
9
Let k(n) = -7 - 2*n + 3*n + 5*n - 10*n. Give k(-5).
13
Let r(n) = -n**2 + n + 3. Let t be r(0). Let o(a) = 1 - t + a + 0 + 4. Suppose -1 = u + 2. What is o(u)?
-1
Let b(m) = -101*m - 7 + 98*m + 0. Suppose h - 3*x = -x + 5, -4*h - 35 = 3*x. What is b(h)?
8
Let n(b) = -5*b**2 + 3*b + 1. Let w = 140 - 138. Let i(p) = -4*p**2 + 2*p + 1. Let y(k) = w*n(k) - 3*i(k). What is y(-3)?
17
Let s(i) be the first derivative of 3*i**4/4 - i**3 - 5*i**2/2 + 6*i - 1. Let u be s(3). Let h(n) = 0*n - u + 44 + 0*n + 4*n**2. Determine h(-1).
3
Let w(y) = -7*y + 1. Let j(u) = -3*u + 1. Let r(m) = -13*j(m) + 6*w(m). Let x = -3874 - -3868. Determine r(x).
11
Let g(s) = -s**3 - 7*s**2 - s - 6. Let c be g(-7). Let l(w) = 2*w**2 - 2*w - w**3 - 6*w**3 - 3*w**3 + c. Calculate l(1).
-9
Suppose 0 = -5*r - h - 1, -2*r - 3*r - 21 = -4*h. Let a(s) be the first derivative of s**2 +